4*n + 8 = -2*f. List the prime factors of n.
2
Let n(b) = -6*b**3 + 4*b**2 + 10*b + 26. Let s be n(-13). Suppose -50*i + 27*i = -s. What are the prime factors of i?
2, 13, 23
Let b be 8/(-12) + 1 + 14/(-6). Let x(i) = 134*i**2 - 4*i - 3. What are the prime factors of x(b)?
541
Let t = 143 + -41. Let w be t/(-27) - 4/18. What are the prime factors of (5 + 203)*(2/w - -1)?
2, 13
Let f(a) = 38*a**3 - 10*a**2 - 32*a - 13. Let q(g) = 13*g**3 - 3*g**2 - 11*g - 4. Let l(j) = 3*f(j) - 8*q(j). List the prime factors of l(4).
5, 101
Let a(s) = 2*s**2 + 6*s + 2. Let o be a(5). Let q(w) = -10 - 12 - 4*w + 25 + o*w**3. What are the prime factors of q(1)?
3
Let o(q) = 23*q + 117. Let v be o(-5). Suppose -4*i + 242 = 5*d, -v*i + 3*d - d + 130 = 0. What are the prime factors of i?
3, 7
Let y(f) = f**2 + 2*f + 713. Let z be y(0). Suppose 1702 = 5*n - z. What are the prime factors of n?
3, 7, 23
Suppose -4*q + 23897 + 23587 = -2*p, 5*q + 5*p = 59370. List the prime factors of q.
2, 7, 53
Let n(j) = j**3 - 3*j**2 + 2*j + 3. Let d be n(4). Suppose d = -22*p + 19*p. Let x = 21 - p. List the prime factors of x.
2, 3, 5
Let i be ((0*1/(-5))/(-2))/1. List the prime factors of (21/6 - i)/(3/1098).
3, 7, 61
Suppose 3*z + 1548 = 1560. List the prime factors of 3 - 3 - (-3224)/z.
2, 13, 31
Suppose 0*i - 3*i + 81 = 0. Let u = 23 + i. Let k = u - 27. List the prime factors of k.
23
Let x(s) = 6*s + 1367. Let t be x(0). Suppose 1207 = 13*v - t. What are the prime factors of v?
2, 3, 11
Let v be 36/12*(-1)/(-3). Suppose -8*q + v = -9*q. Let o(i) = 234*i**2 + 2*i + 3. List the prime factors of o(q).
5, 47
Let b = 6644 - 3054. What are the prime factors of b?
2, 5, 359
Let v(r) = 2*r**3 + 6*r**2 + 16*r - 8. Suppose 3*b + 0 = 18. What are the prime factors of v(b)?
2, 23
Suppose -5*d = -4*r - 13, 2*r + d - 2*d = 1. Let p(t) = -2*t**2 + r*t**2 + 6 - 5*t + 0*t - 2*t. What are the prime factors of p(-7)?
2, 13
Suppose 5*r = -5*x + 25, x + 3*r - 2 = 5*r. Suppose -s + 5*l = 2*s - 208, 3*s - 4*l - 203 = 0. Let v = s + x. What are the prime factors of v?
5, 13
Let p = 53 - 83. Let r = p + 41. Suppose -3*f - 912 = -r*f. List the prime factors of f.
2, 3, 19
Let h = 263 - 227. Suppose -9*p + 10*p = h. List the prime factors of p.
2, 3
Suppose -5*v + 13 = 3*n + 38, -5*n = -25. What are the prime factors of (-6 + 404/(-8))*v?
2, 113
Let z = -228 - -28. Let h = -152 - z. List the prime factors of h.
2, 3
Suppose 5*i = 2*i + 39. Suppose -5449 - 1428 = -i*x. List the prime factors of x.
23
Let n(m) = -m**3 + 9*m**2 + 10. Let b(d) = -18 - 7 + 7*d - 26*d - d**2. Let q be b(-17). List the prime factors of n(q).
2, 5
Suppose 0 = -2*y - 4*n + 36, -3*y - 2*n + 5 + 33 = 0. Suppose y*u + 1021 = 12*u + b, -5*u + 3*b = -2569. What are the prime factors of u?
2
List the prime factors of 5/(-6)*(-46)/115*7116.
2, 593
Let x = -347 - -343. List the prime factors of (-1930)/x + -1 + (-136)/272.
13, 37
Let u be 3*(2/(-3))/(2/(-5)). Let b(f) = 130*f - 14. What are the prime factors of b(u)?
2, 3, 53
Let n = 382 - 211. Let j = n - 551. List the prime factors of j/(-15)*(-9)/(-6).
2, 19
What are the prime factors of (381/(-7))/((-8)/(-28))*(-4004)/21?
2, 11, 13, 127
Let x(a) = -5*a - 47. Let s be x(-10). Suppose -2*y = 4*v - 1462, -283 = -s*v + 5*y + 846. List the prime factors of v.
2, 23
Suppose 151054 + 226268 = 33*d. What are the prime factors of d?
2, 5717
Suppose 2*x + 8 = -u, 0 = -2*u + 4*x + 8 + 8. Suppose 189*d = 198*d - 36. Suppose u = 5*q + d*b - 250, 20 = 4*q - 4*b - 216. List the prime factors of q.
2, 3
Let i(j) = 22*j + 265 - 548 + 233. What are the prime factors of i(30)?
2, 5, 61
Let g(u) = -2*u - 21. Let w be g(-13). Suppose w*x = x + 52. Suppose x*h = 4*h + 810. List the prime factors of h.
2, 3, 5
Suppose 0 = 3*f + 3*f - 504. Let h be (-43)/(-7) - 12/f. Suppose 5*a - h*a = -84. What are the prime factors of a?
2, 3, 7
Let d(t) = 1640*t + 942. List the prime factors of d(20).
2, 16871
Suppose -2*p + 4*g = -4, 5*p = g + 2 + 8. Suppose -p*a - 252 = d, -3*a + 0*a + 5*d = 378. List the prime factors of ((-540)/a)/(6/28).
2, 5
Let h = 56 + -50. Let o(t) = 14*t + t**3 - 42*t + 22*t - h. List the prime factors of o(5).
89
Suppose 68*r = 60*r + 256. Suppose 27*m - r*m + 5660 = 0. What are the prime factors of m?
2, 283
Suppose 84*m = -17*m + 307040. List the prime factors of m.
2, 5, 19
Suppose -5*z + 49 - 174 = 0. Suppose -6*i = 3*q - 150, 2*q - 5*i = 28 + 108. Let u = q + z. What are the prime factors of u?
3, 11
Let m be (39/(-104))/(2/(-16)). Let p = -11 - m. Let b = p - -89. List the prime factors of b.
3, 5
Let u = -1412 + 2674. Suppose 7*s - 2*y = 5*s + u, -s - y = -621. What are the prime factors of s?
2, 313
Let i = -489 + 484. What are the prime factors of 66 + 3 + (-4 - i)?
2, 5, 7
Let c(y) = 3*y + 1. Let h(l) = l**3 + 16*l**2 - 14*l + 35. Let b be h(-17). Let x be c(b). List the prime factors of (12 - 13)*x*2.
2, 47
Let f(s) = -3*s - 84. Let d be f(-19). Let k(w) = w**3 + 29*w**2 + 40*w + 30. What are the prime factors of k(d)?
2, 3, 17
Let g = -309 + 311. Suppose -2*b - 5*v + 1239 = -8*v, 0 = -3*b - g*v + 1826. List the prime factors of b.
2, 3, 17
Suppose 166 = -a + b, 3*b - 328 = 2*a - b. Let i = a + 72. What are the prime factors of (i/40)/((-3)/10)?
2
Suppose -14 = -6*h + 5*h. Let x be h + (-6)/(12/10). Suppose d = x*d - 760. What are the prime factors of d?
5, 19
Let v(y) = 25*y - 57. Let o be v(3). List the prime factors of 15*(o/3 + 1)*16.
2, 3, 5, 7
Suppose -4*w = -2*d + 790, -w = 2*d - d - 398. Let f = d + -381. List the prime factors of f.
2
Let x be (40/(-15))/(-8) - (-553)/(-3). Let i(b) = -2*b**2 + 6*b - 7. Let d be i(-6). Let k = d - x. What are the prime factors of k?
3, 23
Suppose -81622 + 6610 = -47*p. Suppose -2*a - p = -8*a. List the prime factors of a.
2, 7, 19
Suppose 3*a - w + 926 = 0, -a - 362 = -3*w - 64. What are the prime factors of (-2424)/(-5)*a/(-124)?
2, 3, 101
Suppose -4*n = u + 1532, 0*u - 4*u = 5*n + 6084. Let x = -905 - u. What are the prime factors of x?
13, 47
Let g = -27 + 37. Let i(w) = -15 + 5*w - w**2 - g*w + 25*w. List the prime factors of i(13).
2, 19
Let j(m) = 18*m + 33. Suppose 2*c - 58 = -38. What are the prime factors of j(c)?
3, 71
Suppose -39*q + 484 = -28*q. Suppose -n = -3*r + 2467, q*r - 4*n + 4140 = 49*r. List the prime factors of r.
2, 103
Let c be 3*(102/(-18) + 8/(-12)). What are the prime factors of 411/(-6)*(2 - (-9 - c))?
2, 137
Let m(t) = -1020*t - 5. Let u be m(1). Let o = u - -1542. What are the prime factors of o?
11, 47
Let j(u) = 11*u**2 + u + 59. Let m be j(-8). Let p = -404 + m. List the prime factors of p.
3, 13
Let c be (-127)/25 + (-14)/(-175). Let o(w) = -7*w**3 - 10*w**2 - 6*w + 38. What are the prime factors of o(c)?
3, 7, 11
Let u = 762 - 249. Let m = u - 158. List the prime factors of m.
5, 71
Let h be ((-44)/(-36) - 1)/((-1)/(-18)). Let g(t) be the first derivative of 13*t**2/2 + 11*t - 1. List the prime factors of g(h).
3, 7
Let u be 0 - -1 - (-12 + 0). Suppose 3*s - 115 = -u. Suppose -39*x + s*x = -540. What are the prime factors of x?
2, 3
Let w(l) = 2*l**2 - l + 7. Let b be w(5). Let y(j) = 103 - 56 - 49 + 3*j + b*j**2. What are the prime factors of y(1)?
53
Let o(t) = -581*t + 107. Let n be o(3). Let m = -838 - n. List the prime factors of m.
2, 3, 7, 19
Suppose 0 = 33*x + 3*x - 60840. Suppose 23*h - x = 21*h. What are the prime factors of h?
5, 13
Let p be 531 + (-9)/(36/(-16)). What are the prime factors of p - (3 - 8 - -9)?
3, 59
Suppose 3*r - 86677 = -4*f, -f = r - 31124 + 9453. What are the prime factors of f?
2, 677
List the prime factors of (2 - (-3772)/6)*1 + (-1)/(-3).
631
Let i(v) = 121*v**2 - 551*v + 112. List the prime factors of i(22).
2, 3, 7759
Let i = 410 - 282. Let t = i - -307. List the prime factors of t.
3, 5, 29
Let h = 11747 + -7402. What are the prime factors of h?
5, 11, 79
Suppose 13*g = 4*c + 8*g - 2604, -3*c + 1956 = -3*g. Let q = c - 332. What are the prime factors of q?
2, 3
Suppose -3*l = 2333 - 8201. Suppose -5*u + 389 + l = 5*m, -2 = m. What are the prime factors of u?
3, 157
Let o = -5 + 3. Let p(d) = 165*d**3 - 2*d**2 + d. Let t be p(o). What are the prime factors of 2/6 - t/15?
89
Suppose -9*y + 54 = 18. Suppose -g + 48 = g - y*k, 4*k + 64 = 3*g. Suppose -g*s + 19*s =